{"id":3409,"date":"2019-11-04T21:23:17","date_gmt":"2019-11-04T20:23:17","guid":{"rendered":"https:\/\/surebetlab.com\/wp58\/iump-tos-page-2\/"},"modified":"2024-05-02T00:31:50","modified_gmt":"2024-05-01T22:31:50","slug":"iump-tos-page-2","status":"publish","type":"page","link":"https:\/\/surebetlab.com\/wp58\/iump-tos-page-2\/","title":{"rendered":"T&#038;C"},"content":{"rendered":"<p><div class=\"fusion-fullwidth fullwidth-box fusion-builder-row-1 nonhundred-percent-fullwidth non-hundred-percent-height-scrolling\" style=\"background-color: rgba(255,255,255,0);background-position: center center;background-repeat: no-repeat;padding-top:0px;padding-right:0px;padding-bottom:0px;padding-left:0px;margin-bottom: 0px;margin-top: 0px;border-width: 0px 0px 0px 0px;border-color:#eae9e9;border-style:solid;\" ><div class=\"fusion-builder-row fusion-row\"><div class=\"fusion-layout-column fusion_builder_column fusion-builder-column-0 fusion_builder_column_1_1 1_1 fusion-one-full fusion-column-first fusion-column-last\" style=\"margin-top:0px;margin-bottom:0px;\"><div class=\"fusion-column-wrapper fusion-flex-column-wrapper-legacy\" style=\"background-position:left top;background-repeat:no-repeat;-webkit-background-size:cover;-moz-background-size:cover;-o-background-size:cover;background-size:cover;padding: 0px 0px 0px 0px;\"><div class=\"fusion-sep-clear\"><\/div><div class=\"fusion-separator fusion-full-width-sep\" style=\"margin-left: auto;margin-right: auto;margin-top:15%;margin-bottom:5%;width:100%;\"><\/div><div class=\"fusion-sep-clear\"><\/div><div class=\"fusion-clearfix\"><\/div><\/div><\/div><\/div><\/div><div class=\"fusion-fullwidth fullwidth-box fusion-builder-row-2 nonhundred-percent-fullwidth non-hundred-percent-height-scrolling\" style=\"background-color: rgba(255,255,255,0);background-position: center center;background-repeat: no-repeat;padding-top:0px;padding-right:0px;padding-bottom:0px;padding-left:0px;margin-bottom: 0px;margin-top: 0px;border-width: 0px 0px 0px 0px;border-color:#eae9e9;border-style:solid;\" ><div class=\"fusion-builder-row fusion-row\"><div class=\"fusion-layout-column fusion_builder_column fusion-builder-column-1 fusion_builder_column_1_1 1_1 fusion-one-full fusion-column-first fusion-column-last\" style=\"margin-top:0px;margin-bottom:0px;\"><div class=\"fusion-column-wrapper fusion-flex-column-wrapper-legacy\" style=\"background-position:left top;background-repeat:no-repeat;-webkit-background-size:cover;-moz-background-size:cover;-o-background-size:cover;background-size:cover;padding: 0px 0px 0px 0px;\"><div class=\"fusion-text fusion-text-1\"><p data-fontsize=\"22\" data-lineheight=\"29\"><strong><span style=\"font-size: 18pt;\">Condizioni di Utilizzo di surebetlab.com<\/span><\/strong><\/p>\n<p class=\"p1\">Benvenuto su\u00a0Surebetlab.com<\/p>\n<p class=\"p3\"><span class=\"s1\">Utilizzando questo sito web come visitatore, utente registrato gratuitamente o utente pagante, si accettano le condizioni di utilizzo che regolano l\u2019utilizzo del nostro servizio da parte tua. Se non si accettano queste condizioni si prega di non usare il sito web.<\/span><\/p>\n<p class=\"p3\"><span class=\"s1\">Questo sito web contiene materiale di propriet\u00e0 di surebetlab.com. Questo materiale include ma non si limita al contenuto, design, layout, immagini e grafiche. La riproduzione \u00e8 vietata.<\/span><\/p>\n<hr \/>\n<p class=\"p1\"><strong><span class=\"s1\">Abbonamento a pagamento<\/span><\/strong><\/p>\n<p class=\"p2\"><span class=\"s1\">Il tuo abbonamento con surebetlab.com pu\u00f2 durare da 1 anno a tempo indeterminato in funzione del pacchetto acquistato. <\/span><\/p>\n<p class=\"p2\"><span class=\"s1\">Per poter utilizzare il servizio, devi disporre di accesso a Internet e di un metodo di pagamento valido e accettato.\u00a0<\/span><\/p>\n<hr \/>\n<p class=\"p1\"><strong><span class=\"s1\">Abbonamento a vita<\/span><\/strong><\/p>\n<p>L&#8217;abbonamento a vita per SureBetLab \u00e8 a tempo indeterminato e non prevede una data di scadenza.<\/p>\n<p>Nel caso in cui SureBetLab venga terminato o venduto, l&#8217;abbonato comprende e accetta che non ci saranno obblighi o responsabilit\u00e0 nei suoi confronti da parte di SureBetLab o dei suoi nuovi proprietari.<\/p>\n<hr \/>\n<p class=\"p1\"><span class=\"s1\"><b>Rimborso<\/b><\/span><\/p>\n<p class=\"p2\"><span class=\"s1\">Non \u00e8 previsto alcun rimborso del servizio. Puoi, per\u00f2, in ogni momento trasferire il tuo abbonamento ad un&#8217;altra persona.<\/span><\/p>\n<p>Il rinnovo all&#8217;abbonamento continua di scadenza in scadenza fino a che non viene disdetto. A meno che tu non provveda a disdire il tuo abbonamento prima della data di rinnovo, ci autorizzi ad addebitarti la quota di abbonamento successivo sul Metodo di Pagamento prescelto (vedi la sezione \u201cDisdetta\u201d che segue). Potrai trovare informazioni specifiche in merito al tuo abbonamento visitando il nostro sito e cliccando sul link \u201cProfilo\u201d.<\/p>\n<hr \/>\n<p class=\"p1\"><span class=\"s1\"><b>Fatturazione<\/b><\/span><\/p>\n<p class=\"p2\"><span class=\"s1\">La quota di abbonamento viene addebitata al momento dell&#8217;acquisto tramite il metodo di pagamento indicato nel giorno corrispondente all\u2019inizio del tuo abbonamento.\u00a0<\/span><\/p>\n<p class=\"p2\"><span class=\"s1\">surebetlab.com si riserva il diritto di modificare i piani e prezzi degli abbonamenti.<\/span><\/p>\n<p>La quota di abbonamento viene addebitata annualmente tramite il metodo di pagamento indicato nel giorno corrispondente all\u2019inizio del tuo abbonamento. Il giorno dell\u2019addebito pu\u00f2 cambiare, ad esempio se l\u2019addebito non andasse a buon fine o se l\u2019abbonamento avesse avuto inizio in un giorno non presente in un determinato mese. Si pu\u00f2 modificare il metodo di pagamento visitando la pagina \u201cProfilo\u201d del sito web. Se un addebito non andasse a buon fine per qualsiasi motivo, potremo sospendere il tuo abbonamento finch\u00e9 non sar\u00e0 stato utilizzato un metodo di pagamento valido. Ci autorizzi ad addebitare il tuo metodo di pagamento e sarai responsabile di eventuali pagamenti insoluti. Si potr\u00e0 cancellare l\u2019abbonamento in qualsiasi momento e l\u2019accesso al servizio terminer\u00e0 alla fine del periodo di fatturazione. Non \u00e8 possibile ricevere rimborsi o crediti per abbonamenti mensili parzialmente utilizzati. Per cancellare l\u2019abbonamento PRO, puoi visitare la pagina \u201cProfilo\u201d del sito web. Per cancellare il tuo account dal sito web, puoi inviarci una email a info@surebetlab.com. Surebetlab si riserva il diritto di modificare i piani e prezzi degli abbonamenti.<\/p>\n<hr \/>\n<p class=\"p1\"><strong><span class=\"s1\">Responsabilit\u00e0 di Surebetlab.com<\/span><\/strong><\/p>\n<p class=\"p2\"><span class=\"s1\">L\u2019intero contenuto di surebetlab.com (compreso il contenuto del proprio canale Telegram &#8220;Surebet Lab&#8221;) \u00e8 a solo disposizione del tuo utilizzo personale e pu\u00f2 cambiare senza preavviso.<\/span><\/p>\n<p class=\"p2\"><span class=\"s1\">Non offriamo nessuna garanzia riguardo a dati accurati,\u00a0 performance, completezza o adeguatezza delle informazione e dei materiali offerti per qualsiasi scopo. Si accetta che queste informazione e contenuti possono contenere inesattezze o errori e noi escludiamo espressamente qualsiasi responsabilit\u00e0 riguardo a qualsiasi inesattezza o errore ai sensi di legge. Il massimo dello sforzo sar\u00e0 adottato con lo scopo di mantenere i contenuti operativi e online, ma, surebetlab.com non sar\u00e0 responsabile per il sito temporaneamente inaccessibile, per via di problemi tecnici e non, fuori dal nostro controllo.<\/span><\/p>\n<p class=\"p2\"><span class=\"s1\">L\u2019utilizzo di qualsiasi informazione o contenuto dei contenuti \u00e8 sotto la tua\u00a0completa responsabilit\u00e0 e noi escludiamo qualsiasi responsabilit\u00e0. Sar\u00e0 tua responsabilit\u00e0 garantire che qualsiasi prodotto, servizio o informazione disponibile via il nostro sito sia\u00a0adatto alle tue necessit\u00e0 e\/o qualifiche.<\/span><\/p>\n<p class=\"p2\"><span class=\"s1\">Ci impegniamo a mantenere le informazioni pi\u00f9 aggiornate e accurate possibile ma non offriamo alcuna garanzia riguardo al livello di complessit\u00e0, accuratezza, affidabilit\u00e0, adeguatezza o disponibilit\u00e0 rispetto al sito web e\/o informazioni, prodotti, servizi o immagini contenute. Qualsiasi dichiarazione riguardo guadagni o profitti sono stime possibili e non garantiscono con assoluta certezza la loro realizzazione. Non siamo responsabili per qualsiasi aspettativa\u00a0prodotta dai vari contenuti. Surebetlab.com non garantisce o promette nessun guadagno certo utilizzando i nostri contenuti. In nessun evento potremo essere responsabili per perdite di denaro o danni inclusi ma non limitati a perdite e\/o danni indiretti o consequenziali, o qualsiasi danno derivante da una perdita di dati o profitti connessi all\u2019utilizzo dei nostri contenuti.<\/span><\/p>\n<hr \/>\n<p class=\"p1\"><strong><span class=\"s1\">Link a siti web terzi<\/span><\/strong><\/p>\n<p class=\"p2\"><span class=\"s1\">Questo sito web include link a siti web terzi. Questi link sono offerti per maggiore convenienza nell\u2019utilizzo del nostro servizio. Non significa che approviamo questi siti web. Questi siti web sono fuori dal controllo di Surebetlab.com e non abbiamo nessuna responsabilit\u00e0 o controllo riguardo alla natura, contenuto o disponibilit\u00e0 di questi siti web. L\u2019inclusione di link non implica la raccomandazione o approvazione dei contenuti di siti web terzi. Inoltre, non siamo responsabili della protezione della privacy o qualsiasi altra informazione fornita da te a questi siti web terzi che non sono coperti dalla nostra informativa sulla privacy. Si prega di esercitare massima attenzione e prendere visione delle informative della privacy e termini di utilizzo di questi siti terzi.<\/span><\/p>\n<hr \/>\n<p class=\"p1\"><span class=\"s1\"><b>Comportamenti illegali e\/o scorretti<\/b><\/span><\/p>\n<p><span style=\"font-size: 12pt;\">Per utilizzare il servizio surebetlab.com bisogna avere almeno 18 anni o altra et\u00e0 considerata di maggiore et\u00e0 nello stato di residenza.<\/span><\/p>\n<p><span style=\"font-size: 12pt;\">Si accetta di fornire dati personali accurati e di non condividere con nessun altro i dati di accesso e di registrazione.<\/span><\/p>\n<p><span style=\"font-size: 12pt;\">L\u2019utilizzo non autorizzato del sito web pu\u00f2 provocare richieste di danni e\/o procedimenti penali.<\/span><\/p>\n<p><span style=\"font-size: 12pt;\">Accetti di\u00a0non utilizzare surebetlab.com per violare alcuna legge internazionale o locale e di non danneggiare il nostro servizio in alcun modo.<\/span><\/p>\n<p><span style=\"font-size: 12pt;\">L\u2019utilizzo di un account registrato \u00e8 limitato ad una sola persona. Surebetlab.com si riserva il diritto di cancellare senza preavviso un account se utilizzato da pi\u00f9 di una persona.<\/span><\/p>\n<p><span style=\"font-size: 12pt;\">Surebetlab.com si riserva il diritto di rifiutare la registrazione\u00a0al servizio e di cancellare senza preavviso qualsiasi account che non rispetti i termini di utilizzo.<\/span><\/p>\n<p><span style=\"font-size: 12pt;\">Ci riserviamo il diritto di divulgare, modificare e cancellare senza alcun preavviso qualsiasi informazione necessaria a soddisfare nuove leggi o regolamenti.<\/span><\/p>\n<hr \/>\n<p><strong>Modifiche ai Termini e Condizioni<\/strong><\/p>\n<p>SureBetLab si riserva il diritto di modificare questi Termini e Condizioni in qualsiasi momento. Le modifiche saranno pubblicate sul sito web di SureBetLab e saranno efficaci immediatamente dopo la loro pubblicazione.<br \/>\nL&#8217;utilizzo continuato dei servizi da parte degli abbonati costituir\u00e0 l&#8217;accettazione delle modifiche apportate ai Termini e Condizioni.<\/p>\n<\/div><div class=\"fusion-clearfix\"><\/div><\/div><\/div><\/div><\/div><\/p>\n","protected":false},"excerpt":{"rendered":"","protected":false},"author":1,"featured_media":0,"parent":0,"menu_order":0,"comment_status":"closed","ping_status":"closed","template":"","meta":{"_exactmetrics_skip_tracking":false,"_exactmetrics_sitenote_active":false,"_exactmetrics_sitenote_note":"","_exactmetrics_sitenote_category":0,"footnotes":""},"class_list":["post-3409","page","type-page","status-publish","hentry"],"_links":{"self":[{"href":"https:\/\/surebetlab.com\/wp58\/wp-json\/wp\/v2\/pages\/3409"}],"collection":[{"href":"https:\/\/surebetlab.com\/wp58\/wp-json\/wp\/v2\/pages"}],"about":[{"href":"https:\/\/surebetlab.com\/wp58\/wp-json\/wp\/v2\/types\/page"}],"author":[{"embeddable":true,"href":"https:\/\/surebetlab.com\/wp58\/wp-json\/wp\/v2\/users\/1"}],"replies":[{"embeddable":true,"href":"https:\/\/surebetlab.com\/wp58\/wp-json\/wp\/v2\/comments?post=3409"}],"version-history":[{"count":1,"href":"https:\/\/surebetlab.com\/wp58\/wp-json\/wp\/v2\/pages\/3409\/revisions"}],"predecessor-version":[{"id":10335,"href":"https:\/\/surebetlab.com\/wp58\/wp-json\/wp\/v2\/pages\/3409\/revisions\/10335"}],"wp:attachment":[{"href":"https:\/\/surebetlab.com\/wp58\/wp-json\/wp\/v2\/media?parent=3409"}],"curies":[{"name":"wp","href":"https:\/\/api.w.org\/{rel}","templated":true}]}}